 -3*f - 2. Let s(y) = 9*y + 5. Let b(h) = 11*g(h) + 4*s(h). Calculate the remainder when (186/(-10))/(20/(-100)) is divided by b(7).
17
Let p = -3664 - -4021. What is the remainder when p is divided by 36?
33
Let p(h) = 4*h - 137. Let m = -56 - -66. Let d(a) = -a**2 + 19*a + 17. Calculate the remainder when d(m) is divided by p(41).
26
Let j(l) = 3*l + 4. Let w be j(-3). Let v(h) = 0 - 3 + 3*h**3 - 4 + 6 - 2*h**2 - 4*h**3 + 14*h. Calculate the remainder when 17 is divided by v(w).
1
Let l(n) = n**2 - n + 2. Let p(r) = -r. Let k be p(-3). Suppose 0 = -0*c + k*c - 63. Calculate the remainder when c is divided by l(3).
5
Let f(k) = k**2 - 129*k - 2685. Calculate the remainder when 1147 is divided by f(-19).
4
What is the remainder when 31 is divided by (-55)/(-77) + -1 + ((-726)/(-42) - -1)?
13
Suppose 3*f - 12 = 0, 2*f - 43 = -a - 7. Calculate the remainder when 444 is divided by a.
24
Suppose 3*q + 252 = 2*w, -w - 2*q + 121 = -5. Let o(f) = 2*f**2 - 1267*f + 25741. Calculate the remainder when w is divided by o(21).
14
Suppose i + 40 = 4*k, -6*i + i - 30 = -3*k. Suppose -3*r + 4*b + 9 = -52, 3*r - b - 76 = 0. What is the remainder when r is divided by k?
7
Let m = 535 - 522. Suppose -10*w - 5*p - 27 = -m*w, 17 = 2*w - 3*p. What is the remainder when 77 is divided by w?
1
Let n(p) = 6*p - 43. Let t be n(14). Let i(z) = t - 4*z - 2*z + 4*z - z**2. Calculate the remainder when 161 is divided by i(0).
38
Let o = 145 - 140. Suppose 5*p - 4*c + 3 = 0, -3*c = -3*p - 4*c + o. Suppose -p = 4*d - 125. What is the remainder when 91 is divided by d?
29
Let y(o) = -o + 5. Let t be (-72)/28*4*(-126)/18. Suppose -2*c + 30 = -4*z, 2*z + 11 + t = 5*c. Calculate the remainder when c is divided by y(-6).
6
Suppose 4*r + r - 12*r + 2800 = 0. Calculate the remainder when r is divided by 182.
36
Let d(j) be the third derivative of j**4/8 - 17*j**3/6 + 4*j**2 + 16*j. What is the remainder when 79 is divided by d(15)?
23
Let q = 44 - -11. Let c = q - 45. Suppose -28 + c = -a. What is the remainder when 48 is divided by a?
12
Let t(s) = -885*s - 68. Let n be t(-1). Let f = n - 777. Calculate the remainder when 145 is divided by f.
25
Let n = 27963 - 27956. Suppose -28 = -2*u + 6. Calculate the remainder when u is divided by n.
3
Let w = 10314 + -10299. What is the remainder when 251 is divided by w?
11
Suppose -134*z + 457 = -347. Let f(d) = d**3 + 8*d**2 + 7*d - 8. What is the remainder when f(-6) is divided by z?
4
Suppose 1752 + 590 - 482 = 15*m. What is the remainder when 8678 is divided by m?
122
Let z = -273276 + 273310. Let f(h) = 176*h**2 + 3*h + 2. What is the remainder when f(3) is divided by z?
31
Let s(p) = p**2 + 112*p + 3173. Calculate the remainder when 236 is divided by s(-56).
14
Let s(n) = -n**3 + 29*n**2 - 26*n - 27. Let z be (-56)/(-24) + -3 - 172/(-6). Calculate the remainder when 40 is divided by s(z).
11
Suppose 0 = 4*i - 4*u - 384, 25*i + u - 651 = 1619. Calculate the remainder when 275 is divided by i.
2
Suppose 3*i + i = 4, -5*i = 4*n - 169. Suppose 13 = b - 19*o + 18*o, 0 = 3*b - 5*o - n. Calculate the remainder when 47 is divided by b.
11
Let t(l) = -26*l - 334. What is the remainder when 93 is divided by t(-15)?
37
Let q(t) = -6*t - 11. Let l(n) = n**3 - 3*n**2 + 3*n + 1. What is the remainder when q(-16) is divided by l(4)?
27
Let h = -49 + 49. Suppose -g = -v - 5, h = -5*v + v - g - 30. Calculate the remainder when (15 + -5)*v/(-2) is divided by 9.
8
Let f(k) = 5*k**2 - 64*k - 6. Let m(s) = -s**2 + 16*s + 1. Let h(a) = -4*f(a) - 18*m(a). Calculate the remainder when 32 is divided by h(-16).
2
Let g(p) be the third derivative of -p**4/6 + 32*p**3/3 - 45*p**2. Let i be g(8). Let b = i + 43. What is the remainder when b is divided by 26?
23
Let w = 7452 + -7414. What is the remainder when 68 is divided by w?
30
Let b(l) = 424*l + 1309. Let f be 4/(-16)*3*-4. Let y(t) = t**3 - 2*t**2 + t + 2. What is the remainder when b(-3) is divided by y(f)?
9
Suppose 301 = 4*k + 3*s, -12*s + 10*s = k - 69. Calculate the remainder when 2839 is divided by k.
74
Let c(o) = -22 - 2*o**2 + 4*o**2 + 2*o**2 - 3*o**2 + 7*o. Suppose 3*x = 7*x + 44. Calculate the remainder when c(x) is divided by 5.
2
Let k(o) = -51*o**3 + o. Calculate the remainder when k(-1) is divided by (-1)/9 + (-14868)/(-1134).
11
Let v = 1805 - 1122. Calculate the remainder when (-24)/(-24)*(-3)/((-3)/v) is divided by 9.
8
Let i(u) = -u - 6. Let x be i(-10). Suppose 0 = x*f + 1 - 29. What is the remainder when (-6)/39 - (-3270)/130 is divided by f?
4
Calculate the remainder when 628 is divided by 181/2 + (-3 - 54/(-12)).
76
What is the remainder when 397 is divided by 13 + 9/(-18)*60/(-5)?
17
Suppose -516*p + 513*p + 495 = 0. What is the remainder when 1495 is divided by p?
10
Let x(u) = 87*u + 5. Let z be x(-2). Let k(r) = -4*r**2 - 10*r + 64. Let d be k(5). Let y = d - z. What is the remainder when y is divided by 23?
14
Let n(u) = 558*u + 679. What is the remainder when n(9) is divided by 26?
7
Let m = -578 + 564. Calculate the remainder when 81 is divided by ((-147)/m - 7)*(-2 + 14).
39
Suppose -79*l + 15676 + 7866 = 0. What is the remainder when l is divided by 11?
1
Suppose -1714 - 1542 = -22*q. Calculate the remainder when 1922 is divided by q.
146
Suppose -g + 5*a = -274, 3*g = -4*a - 119 + 1017. Let i = -288 + g. Calculate the remainder when 323 is divided by i.
5
What is the remainder when 269 is divided by (-1)/(-8*(-11)/(-3696))?
17
Suppose 0 = 4*r - 2*q - 108, 0*r + 2*r - 4*q - 48 = 0. Suppose 0 = -5*o - 2*b + 249, 5*o - 2*b - 69 = 192. What is the remainder when o is divided by r?
23
Let o(b) = 2*b**2 + 82*b - 642. What is the remainder when 387 is divided by o(-48)?
27
Let i = -10281 - -10534. Calculate the remainder when i is divided by 171.
82
Suppose 5*o - 36 - 39 = h, o + 3*h = 15. Let j = o - -6. Let w = j + 12. Calculate the remainder when 65 is divided by w.
32
Let m = 4513 - 4504. Let u = 21 + -15. Calculate the remainder when m is divided by u.
3
Suppose -3*o = -2*g - 104, -9*g + 5*g + 210 = 5*o. Suppose 5*m - 108 = -2*d, 92 = 4*m - 0*d - 4*d. What is the remainder when o is divided by m?
16
Let k = 60 - 43. What is the remainder when 89 - (-1 + -2 + 4 - -9) is divided by k?
11
Suppose 0 = -181*b + 9062 + 4513. Calculate the remainder when 295 is divided by b.
70
Let l(t) = -298*t - 15. Let i be l(-1). Let p = i - 260. Calculate the remainder when 319 is divided by p.
20
What is the remainder when 127 is divided by ((-23)/(92/(-8))*(-3 - 14))/(-1)?
25
Suppose 148 = 3*l + 5*t - 46, 0 = -4*l - 4*t + 248. Suppose 2*h - 80 = -6*h. What is the remainder when l is divided by h?
8
What is the remainder when -2*(9/(-3) - (-10)/(-2)) is divided by 2?
0
Suppose 175*s - 172*s = 2*q - 470, 1175 = 5*q - s. What is the remainder when 259 is divided by q?
24
Let i = 32 - -61. Let q be 5/((-40)/4)*-132. Let s = -47 + q. Calculate the remainder when i is divided by s.
17
Calculate the remainder when 265 is divided by 6 - (450/(-35))/(3/14).
1
Suppose -2*y - 83 = -333. Let u = y - 6. Suppose 5 = 2*i - 3*j, -2*i = -93*j + 89*j. What is the remainder when u is divided by i?
9
Suppose -873*o + 1239 = -384*o - 430*o. What is the remainder when (-119 - -1)/(-1 - 1) is divided by o?
17
Let u(y) = -y**3 - 6*y**2 + 9*y + 4. Let b be u(-9). Let x be b/3 - 20/(-30). Let h = x + -53. Calculate the remainder when 5 is divided by h.
2
Let m(c) = 24*c**3 - 3*c**2 + 4*c - 5. Suppose 0 = 3*b + 2*q - 3*q - 1, 3*b + 14 = 4*q. What is the remainder when m(b) is divided by 48?
39
Suppose 28*u = 31*u - 36. Suppose 22*n + u = 23*n. What is the remainder when 443 is divided by n?
11
Let b = 70 + -40. What is the remainder when (34 - 27)*14807/182 + 3/(-2) is divided by b?
28
Calculate the remainder when (-46 + (-6 - 1))*(-2 + -4) is divided by 163.
155
Let g be (-484)/16 + 11/44. Calculate the remainder when 63 is divided by (-2)/(-3)*(18 - g).
31
Suppose 0 = -1076*s + 1025*s + 8568. What is the remainder when s is divided by 36?
24
Let s(u) = 2*u**2 + 82*u + 922. Calculate the remainder when s(-10) is divided by 21.
8
What is the remainder when 702 is divided by (5512/(-742))/((-4)/70)?
52
Let y(d) = -d**3 - 59*d**2 - 564*d + 51. Suppose 3*g + 2*c = 451, g - 5*c - 760 = -4*g. What is the remainder when